2 - 4*t + 3. Let w(m) = 7*o(m) + 3*z(m). Calculate w(5).
-6
Let b(c) = -1 + c**3 - 2*c + 2 + 4*c**2 + 3*c. Let o(r) = -r + 6. Let h be o(6). Suppose j - 3*j - 4 = -n, h = -5*n - 20. What is b(j)?
-3
Let f(i) = i**3 + i**2 + i. Let u(y) = 5*y**3 + 2*y**2 + y - 1. Suppose c = -5 + 2. Let v(k) = c*f(k) + u(k). What is v(2)?
7
Suppose 4*i = 3*i + 4. Let v(m) = m**2 - 2*m + 2. Let a be v(2). Let r(f) = 2*f**a + 4 + 4 - 6 - 5*f - f**2. Give r(i).
-2
Let f(h) = -5*h - 2. Let k(g) = -6*g - 2. Let j(v) = -5*f(v) + 4*k(v). Suppose 3*u - u = 5*w - 10, 4*w - 8 = -5*u. Calculate j(u).
2
Let y(x) be the first derivative of -x**2/2 + 3*x - 1. Let r = 4 + -2. Suppose -4*h + 8 = 0, -4*w - w - r*h = -29. What is y(w)?
-2
Let a = -4 - -6. Let n(r) = 13*r**2 - 6*r + 2*r**3 + 7 - 3*r**3 - 6*r**a. What is n(6)?
7
Let c be (-2)/7 + 12/(-7). Let s be 2/(-1) - (3 - 5). Let k(u) = 2*u + 1 + u + s*u - u**3 - 2*u. What is k(c)?
7
Let g(t) = t**2 - 9*t - 10. Suppose 3*l + 20 = 5*l + 2*i, 0 = 2*l + 3*i - 20. Give g(l).
0
Let z(c) = 2*c**2 + 6*c + 3. Let g(l) = l**2 + 4*l + 2. Let n(m) = -8*g(m) + 5*z(m). Let w be ((-20)/(-60))/((-1)/(-9)). What is n(w)?
11
Let h(k) = 2*k**2 - 2*k - 2. Suppose 3 = -c + 30. Suppose 0 = 3*m + 6*b - 3*b - c, 17 = 5*m - 2*b. Suppose s - 2*s = -5*d - 2, -m*s + 10 = -3*d. Determine h(s).
2
Let y(f) = 3*f + 2. Let c be 40/22 + (-7)/(154/(-4)). Determine y(c).
8
Suppose 22 = 4*c + h, -c + 15 = 9*h - 4*h. Let z(b) be the second derivative of -b**4/12 + b**3/2 + 3*b**2/2 + 5*b. Determine z(c).
-7
Let h = 2 - -8. Let q = 7 - h. Let p(v) = v**2 + 4*v - 1. Calculate p(q).
-4
Let y(t) = -t**3 - 141 + 2*t**3 - 11*t**2 + 154 + 8*t. Determine y(10).
-7
Let d(z) = z. Let u(m) = -6*m + 4*m**3 + 6 - 2*m**3 + 7*m**2 - 3*m**3. Let t be u(6). What is d(t)?
6
Let x(l) be the third derivative of -l**5/60 - l**4/24 + l**3/6 + 6*l**2. Calculate x(-3).
-5
Let x(l) be the first derivative of -l**3/3 + l**2/2 + l - 8. Calculate x(2).
-1
Suppose -3*l - 3*a - 9 = 0, 0 = -0*l + l + 5*a - 1. Let b be (-2)/(-7) - l/(-14). Let p be -2 - (b + 5 + -2). Let m(n) = n - 3. Give m(p).
-8
Let f(m) = -2*m**2 + 5*m**2 - 4*m**2 - 3*m + 3. Give f(-6).
-15
Let m(w) = -5*w**3 - 12*w**2 - w + 2. Let y(d) = 14*d**3 + 35*d**2 + 2*d - 6. Let j(h) = 17*m(h) + 6*y(h). Suppose r = -r + 8. Calculate j(r).
10
Let w(k) = -k**3 + 4*k**2 + 4*k + 5. Let j(p) = -p**2 - 5*p - 4. Let h be j(-4). Suppose -3*l - 3*v + 30 = h, -2*v = 4*l + v - 35. Give w(l).
0
Let x(b) = -b**2 - 6*b - 1. Suppose -2*w = 5*v - 0 + 11, -16 = 4*v - 2*w. What is x(v)?
8
Let g(r) = r**2 + r - 2. Suppose -16 = -3*n + 5*m, 0 = n - 5*n - 4*m. Determine g(n).
4
Let m be (-3 - 0)/3*1. Let l(r) = 2*r**3 - 1. Give l(m).
-3
Let n(i) = 4*i**2 + 2*i**3 + 3 - i**3 - 2 + 2*i. Let v(a) = -a**3 + 4*a**2 - 4. Let x be v(3). Suppose x*u + 16 = u. Give n(u).
-7
Let v(t) = -t**2 - 5*t - 1. Let s be v(-2). Suppose -s*a + 17 = 7. Let o(j) = -5*j + 3*j**3 - 2*j**2 + 3 - 4*j**3 + a*j**2 + 4*j**2. Calculate o(3).
-3
Let p(s) be the first derivative of -7*s**4/4 + 11*s**3/3 - s**2 + 9*s - 2. Let o(b) = -3*b**3 + 5*b**2 - b + 4. Let g(v) = 5*o(v) - 2*p(v). Calculate g(3).
-1
Let g(i) = 5 - 6*i**2 - 6 - 3*i**2. Give g(1).
-10
Suppose -o = -2*o. Suppose 0*y - s = 4*y + 11, -4*y + 5*s - 17 = o. Let w(z) = z**2 - 4. Give w(y).
5
Let m = 8 - 13. Let x(b) be the first derivative of b**4/4 + 2*b**3 + 5*b**2/2 - b - 1. Give x(m).
-1
Let s(c) = -13*c**3 + 49*c**2 - 31*c + 25. Let z(k) = 3*k**3 - 12*k**2 + 8*k - 6. Let m(b) = -2*s(b) - 9*z(b). Let r be m(9). Let v(d) = d + 1. Determine v(r).
-4
Let f(g) be the second derivative of g**5/20 - g**4/6 - g**3/6 - g**2/2 - 6*g. What is f(3)?
5
Suppose -6*q - 1 = -1. Let l(f) be the first derivative of f**3/3 + 6*f - 1. Calculate l(q).
6
Let c(d) = d**2 + 7*d + 7. Suppose 4 = -5*g + 6*g. Suppose p - 23 = g*a, -5*a - 3*p = p + 13. Calculate c(a).
-3
Let f be 22/5 + 4/(-10). Let t(r) = 3*r**3 - 20*r**2 + 11*r - 15. Let z(b) = -b**3 + 7*b**2 - 4*b + 5. Let w(u) = 3*t(u) + 8*z(u). Give w(f).
-1
Let x(q) = -1. Let v(y) = -3*y - 8. Let o(m) = 2*v(m) - 18*x(m). Determine o(-2).
14
Let n(q) = q - 9. Let f be (270/105)/((-4)/(-14)). Give n(f).
0
Let k = -12 + 19. Let s(g) = 3*g**3 + 12*g**2 - 15*g + 16. Let m(u) = u**3 + 4*u**2 - 5*u + 5. Let q(o) = k*m(o) - 2*s(o). Calculate q(-5).
3
Let x be (9/12)/((-1)/(-4)). Suppose -x*c + 3 = -0. Let r(a) = 2*a - 10. Let t(s) = s - 3. Let o(q) = -3*r(q) + 10*t(q). What is o(c)?
4
Let u(c) = c**2 - 8*c + 7. Let b be u(8). Let y(m) = -b*m**2 + 12*m**2 - 3*m + 3*m + 1. Determine y(1).
6
Let b be (-1)/(-3) + 52/6. Let n(u) = u**3 - 10*u**2 + 10*u - 6. Let k be n(b). Suppose 4*h = k*h - 1. Let s(q) = 6*q + 1. Determine s(h).
-5
Let t(c) = -c**2 - c - 7. Let z(w) = -w**3 + 6*w**2 + 9*w - 6. Let m be z(7). Suppose -2*a + 0*a - 4*j - 16 = 0, m = -2*j. Determine t(a).
-7
Let f(g) be the first derivative of g**4/24 - 7*g**2/2 + 1. Let p(j) be the second derivative of f(j). Give p(-6).
-6
Let w(c) = -c**3 + 4*c**2 - 2*c + 3. Suppose -r - 36 + 40 = 0. Calculate w(r).
-5
Let t = 4 + -3. Let b(p) = 7*p - 4. Let s(v) = -2*v - 4. Let o(a) = 3*a + 7. Let w(h) = 3*o(h) + 5*s(h). Let y(f) = -b(f) - 4*w(f). What is y(t)?
-3
Let m(f) = f**2 + 2*f - 3. Let k = 31 + -29. What is m(k)?
5
Let q(a) = 3 + 2 + 3*a**2 - 2 + a**3 - 2*a**2. What is q(0)?
3
Let a(l) = -5*l**3 + 9*l**2 + 8*l - 3. Let n(u) = 4*u**3 - 8*u**2 - 8*u + 3. Let y(m) = 3*a(m) + 4*n(m). Calculate y(6).
-9
Let r(f) = 0 + 3*f - 2*f + 4. Let t(h) be the first derivative of h**4/4 + 2*h**3 + h**2/2 + 6*h + 3. Let a be t(-6). Give r(a).
4
Let l be (1/(-2) - -1)*-2. Let n(k) be the first derivative of 4*k**2 + k + 4. Let t(y) = -15*y - 2. Let r(m) = -5*n(m) - 3*t(m). Calculate r(l).
-4
Let d(s) = 4*s - 3. Let p be d(2). Let l be -2 + p*(-2 - -3). Let x(t) = t**2 - 2 + 2*t**2 - l*t - 4*t**2 - 3*t. What is x(-4)?
6
Let p(o) = -4*o - 3. Let d = -24 - -22. What is p(d)?
5
Let l(g) be the first derivative of g**2/2 + 2*g - 29. What is l(0)?
2
Suppose -4*f + 2*t = -3*t - 5, 4*t = -f - 4. Let b(s) = s**2 - 5*s - 6. Let a(y) = 3*y**2 - 14*y - 17. Let i(n) = -4*a(n) + 11*b(n). Give i(f).
2
Let m(r) = r**3 - 4*r**2 + r - 4. Let i = 4 - 7. Suppose -2 = 2*k + 2. Let s be (-1)/(i - k) + 3. Determine m(s).
0
Let q(l) = l**3 - 6*l**2 + 15*l**2 - 17*l + 11 + 27*l. Give q(-8).
-5
Let u(g) = -g**2 - 7*g. Let h = -91 - -83. Calculate u(h).
-8
Let y = -2 + 5. Let d(n) = 2*n**y + n + n**3 - 4*n**3. Give d(-2).
6
Let y(c) = -3*c + 7. Let q be 15/2 + (-27)/18. Determine y(q).
-11
Let m(y) = -y - 4. Let z = 114 + -110. Give m(z).
-8
Let f(a) = 592*a + 3*a**3 - 2*a**3 - 294*a - 1 - 290*a - 8*a**2. Let b(j) = j**2 - 2*j + 4. Let g be b(3). What is f(g)?
6
Let t(z) = z - 1. Let i = 11 - 9. Calculate t(i).
1
Let w(l) = l**2 + 8*l - 4. Suppose 27 = -3*q - 4*k + 5*k, 36 = -3*q + 4*k. Give w(q).
-4
Let m(t) = -7*t**2 + t + 4. Let w = 10 + -3. Let v(a) = 2 - 10*a**2 + 4 + 3*a - 4*a + 3*a. Let i(c) = w*m(c) - 5*v(c). What is i(3)?
-2
Let r(u) be the second derivative of 11*u**6/360 - u**5/120 + 2*u**3/3 - 4*u. Let n(k) be the second derivative of r(k). Calculate n(1).
10
Let d(y) = -y**2 - 6*y + 1. Let v be (-4)/6*9/(-2). Suppose 1 + 11 = -2*s + a, v*a + 6 = -s. Calculate d(s).
1
Suppose 3*r = -3*d - 19 - 2, 5*r + d + 27 = 0. Let w be (1 - r)/((-12)/(-8)). Let a(p) = -p - 1. Let m(c) = 4*c + 11. Let b(l) = -6*a(l) - m(l). Determine b(w).
3
Let t(l) = -l**3 + 3*l**2 - 2*l + 1. Let c(y) = y - 1. Let v = 9 + 7. Suppose -3*b + h + 11 = 0, -v + 5 = -5*b - 2*h. Let f be c(b). Determine t(f).
1
Let f = 21 - 13. Suppose 2*j - 2 = -2*v, 3*v + 17 = f*v + j. Let p(l) = -l**3 + 5*l**2 - 5*l + 4. Give p(v).
0
Suppose 4 + 4 = -2*c. Let j be -4 + 1 - (c + 0). Let l(n) = 5*n - 1. Determine l(j).
4
Let c(i) be the first derivative of 1/4*i**4 + 7 + i**3 + 0*i + 3/2*i**2. Give c(-2).
-2
Suppose 4*p - 3*x - 3 = 0, x = -5*p + 5 + 13. Let o = p - 4. Let q(m) = m - 3*m - 1 - 8*m**2 + 0. Calculate q(o).
-7
Let b(x) = -x**3 + 3*x**2 + 4*x. Let d = 4 + 0. Determine b(d).
0
Let r(i) be the second derivative of -i**3/6 + i**2/2 + 3*i + 10. Give r(5).
-4
Let j be 8/4 + 1 + -1. Let r(i) = 8*i**2 + i**j - 1 - 6*i**3 - 8 - 7*i + i**2. Let n(k) = -5*k**3 + 9*k**2 - 6*k - 8. Let s(d) = -7*n(d) + 6*r(d). Give s(-2)